t common factor of c and t.
16
Let m be (41 - -1)/3 - -1. Calculate the greatest common divisor of 3 and m.
3
Let m = -25 + 125. Calculate the highest common factor of m and 40.
20
Let t = 2 - 0. Suppose 0 = -4*v + m + 52, 2*v - t*m - 32 = -0*m. Suppose -4*g + 345 = -87. What is the highest common divisor of v and g?
12
Let h(k) = -16*k - 6. Let y(t) = 5*t + 2. Let m(w) = -2*h(w) - 7*y(w). Let a be m(-2). What is the greatest common divisor of 10 and a?
2
Let a be 3/(-7) - 6264/(-63). Calculate the greatest common divisor of 9 and a.
9
Let h(j) = -j**3 - 8*j**2 + 5*j + 9. Let g be h(-6). Let q = g - -173. Calculate the greatest common divisor of 10 and q.
10
Let b be (-9 - 1)*(-12 - -8). Let z = 1 - -3. What is the greatest common factor of z and b?
4
Let b = 27 - 16. Let u = 14 - b. Calculate the highest common divisor of u and 1.
1
Let w = 83 - -104. Calculate the highest common divisor of 11 and w.
11
Let m(z) = 20*z**2 - 1. Let i be m(-1). Calculate the greatest common factor of i and 114.
19
Suppose -4*x = -0*a - 2*a - 8, -x + 5*a + 2 = 0. Suppose 30 + 66 = x*n. What is the greatest common factor of n and 12?
12
Suppose -5*i - 2*w = -1163, 5*i - i = -4*w + 940. Calculate the greatest common factor of i and 33.
33
Let b be 7 - (-1)/2*0. Let m = b - 3. Calculate the highest common divisor of 36 and m.
4
Let t be (-102)/(-9) + 4/6. Let r be 3 + (-2)/6*-3. Suppose -310 = -r*p + 26. Calculate the greatest common divisor of t and p.
12
Let k be 5/15 + 610/6. Suppose 5*q - 3*z = k, -2*q - 14 = -2*z - 58. Calculate the greatest common factor of 6 and q.
6
Let p be (-150)/(-24) + (-1)/4. Let l = p + 7. What is the greatest common divisor of 65 and l?
13
Let g be 102/15 + 4/20. Calculate the greatest common factor of g and 63.
7
Let m(t) = -t**3 - 2*t**2 - 2*t - 1. Let a be m(-3). Suppose 0 = 2*f - f - a. What is the greatest common divisor of f and 56?
14
Let k(y) = 1 + 0*y**2 + 2*y**2 + 4*y + 3. Suppose -4*b + 8*b + 2*q + 12 = 0, -9 = 3*b + 2*q. Let o be k(b). What is the highest common factor of o and 10?
10
Let i be 6/(-4)*22/(-11). Let v be (i/(-9))/((-1)/36). What is the greatest common factor of v and 132?
12
Suppose 79 = 5*a - 3*b, -5*a = -2*b - 21 - 55. Let n(p) = 4*p - 3. Let t be -15*(2 - 36/15). Let s be n(t). What is the greatest common divisor of s and a?
7
Let h = 20 - 5. Suppose 0 = -3*n - h, 5*q + 2*n = -0*n. Suppose q*s = 6*s - 16. Calculate the highest common divisor of s and 4.
4
Suppose -292 = -5*l + 4*c, -2*l + 0*c + 112 = -4*c. Let a be (-1 + 0)*(1 + -1). Suppose -3*z = -a*z - 36. Calculate the highest common factor of z and l.
12
Let f be 1/7 + 160/56. Suppose 5*m - 25 = -f*d + m, 8 = 2*m. Calculate the highest common factor of d and 33.
3
Suppose 9*m = 29 + 7. What is the highest common factor of m and 6?
2
Let u(b) = b**2 - 1. Let j be u(9). Calculate the highest common factor of j and 16.
16
Suppose 0 = -2*x + 3 + 3. Suppose 7*i - x*i = -f - 146, i = 0. Let y = -80 - f. Calculate the highest common divisor of y and 6.
6
Let v be -4 + -3 - 2 - 3. Let q be (4/v)/((-2)/6). What is the greatest common divisor of q and 3?
1
Let m be 30*(0 - 12/(-15)). Let n be 2 + (-1)/(-1) + 5. Calculate the highest common divisor of n and m.
8
Suppose h = 4*h + 5*w + 7, 3*h - 4*w = -43. Let t = -7 - h. What is the greatest common factor of 5 and t?
1
Let p be -2*14/(-10)*5. Let b(z) = 11 + p - 13 + 12 + z**2 - z. Let a be b(0). Calculate the highest common divisor of a and 60.
12
Suppose 0 = 4*x - 180 - 204. What is the greatest common divisor of 12 and x?
12
Let t = -15 + 21. Calculate the greatest common divisor of t and 66.
6
Let j be (-2)/6*48/(-4). Suppose -76 = -5*p + j*p. Suppose 2*a - 72 = -2*a - v, 0 = -5*a - 3*v + 83. Calculate the greatest common divisor of a and p.
19
Let a(j) = -j**2 - 5*j - 2. Let o be a(-3). Let r be 93 + o - (2 + -3). What is the greatest common divisor of r and 14?
14
Let k = 10 - -8. Calculate the highest common divisor of 12 and k.
6
Let y be 1/(-3)*(-3 + -51). Suppose 0 = -v + 73 - 28. What is the greatest common factor of v and y?
9
Suppose 3*h = u + 15, -3*h + 10 = -h + 2*u. Suppose -108 = -h*n + 242. Suppose -z = -2*z + n. Calculate the greatest common factor of 7 and z.
7
Let h = 4 - -4. Calculate the highest common divisor of h and 8.
8
Let k be 112/(-52) - 2/(-13). Let m = k - -15. What is the highest common factor of 13 and m?
13
Suppose 0 = 2*u - 3 + 5. Let m be (1 - (-3 - u)) + 20. Calculate the greatest common divisor of 161 and m.
23
Let h(o) = -7*o - 12*o - 13*o + 1. Let v be h(-2). Let r be (78/9)/((-1)/(-3)). Calculate the highest common divisor of r and v.
13
Suppose -2*x - 7 = -43. Suppose -4*p = -2*p + x. Let h(q) = -2*q - 3. Let g be h(p). What is the greatest common factor of 3 and g?
3
Let s(x) = x + 4. Let f be s(-4). Suppose -16 = -2*r - 5*q + 15, f = -4*r + 3*q - 3. What is the greatest common divisor of 24 and r?
3
Let x be 22/(-6)*(-3 - 0). Let h = 95 + -62. What is the highest common factor of h and x?
11
Let z(t) = -t**3 - 17*t**2 + 16*t - 17. Let c be z(-18). Suppose 338 + 137 = 5*w. Calculate the greatest common divisor of w and c.
19
Let a(g) = -25*g + 1. Let v be a(3). Let k be 1 - -1 - (v - 1). What is the greatest common divisor of 11 and k?
11
Suppose -4*o - 48 = -4*q, -o + 57 = 3*q + 13. Calculate the greatest common factor of 70 and q.
14
Let j be (42/35)/((-6)/(-40)). Calculate the highest common factor of j and 40.
8
Suppose -3*i = -5*t - 8*i - 30, -30 = t - 5*i. Let p be (-2)/t - 58/(-10). What is the highest common factor of 9 and p?
3
Let l(g) = 3*g**2 - 14*g + 36. Let h be l(11). What is the greatest common divisor of h and 49?
49
Suppose k - 2 - 12 = 0. Suppose 0 = g + 5*w - 55 + 9, -4*w = 8. Calculate the highest common divisor of g and k.
14
Let t be ((-42)/(-8))/(1/16). What is the greatest common divisor of t and 12?
12
Let u(i) = -i**3 + 10*i**2 - 5*i + 8. Let l = -16 - -25. Let r be u(l). Calculate the greatest common divisor of r and 11.
11
Suppose 2*v + c + 0*c - 11 = 0, 21 = 4*v + 3*c. Suppose -18 = -3*q + 4*i, 7 = -0*q + 2*q - i. Calculate the greatest common divisor of v and q.
2
Suppose 2*r - 8*r + 1638 = 0. What is the greatest common divisor of r and 21?
21
Let f(j) = j**2 - 11*j + 13. Let b be f(8). Let x = b + 21. Calculate the highest common divisor of x and 15.
5
Suppose 3*l - 288 = -l. Let g be -1 + 3 - (5 + -11). What is the greatest common factor of g and l?
8
Suppose -3*t - 3*z - z = 10, -5*t + 5*z = -30. Calculate the highest common divisor of 12 and t.
2
Let z = 46 - 13. Suppose 3*w + 6 = z. Calculate the highest common divisor of w and 9.
9
Let z(h) = -2*h**3 + h**2 + 2. Let v be z(2). Let n be 208/10 - 2/v. What is the greatest common factor of 14 and n?
7
Suppose 8*w - 3*w = -3*h + 65, -2*h = 4*w - 46. Let y(x) = 2*x**2 - 3*x + 1. Let l be y(3). Calculate the highest common factor of l and h.
5
Let n be (6/5)/(62/2015). What is the greatest common divisor of n and 13?
13
Suppose -6*h + 353 + 133 = 0. What is the greatest common factor of h and 9?
9
Suppose -1 = 2*n - 5. Suppose 0 = 3*b - 2*y - 124, n*y + 0*y = -4. What is the greatest common divisor of 10 and b?
10
Let j(d) = d**2 - 6*d - 5. Let s be j(7). What is the greatest common divisor of s and 14?
2
Let g be (-7)/(42/16)*(3 + -6). Calculate the greatest common factor of g and 1.
1
Suppose 3*y - 3 + 0 = 0. Suppose 0*t - 3*t - 4*u = -619, -3*t + 4*u + 635 = 0. Let d be (1 - 0)/(y/t). What is the greatest common divisor of d and 19?
19
Suppose -i = -6*i + 350. Suppose 3*s - s - 4*g + 18 = 0, 0 = -5*s + 3*g - 17. Let f be ((-2)/1)/(s/5). What is the greatest common factor of f and i?
10
Let r be (-1)/(-2)*-2*-33. Let m be (66/(-5))/(2/(-5)). What is the highest common divisor of r and m?
33
Suppose 121 = 4*j - 59. Suppose -5*b + 57 = -0*c - c, 4*b - c = j. Calculate the highest common factor of b and 108.
12
Suppose -10*x - 120 = -13*x. What is the highest common divisor of x and 2?
2
Suppose 1176 = 4*k - 224. Calculate the greatest common factor of 35 and k.
35
Suppose 5*h = 4*h. Let b be h/1 + -1 + 9. What is the greatest common divisor of 16 and b?
8
Let z(f) = f - 6. Let l be z(8). Suppose -5*y + 4*y + n + 39 = 0, n - 87 = -l*y. Let h = -24 + y. What is the greatest common f